of (3/o)/(2/y)?
6
Let m be (-320)/(-18) + 20/90. Suppose 0 = 5*j - 3*u - m, 3*j + 2*u + u - 30 = 0. Suppose w = 3*s + 40, 2*s + 174 = -w + j*w. What is the tens digit of w?
3
Let o = -10 - -8. What is the units digit of (6 + o)/(3/66)?
8
Suppose 8*g + 2975 = 9*g + 3*n, 8964 = 3*g - 4*n. What is the thousands digit of g?
2
Let l be (22/55)/(1/20). Suppose r - 51 = l. What is the units digit of r?
9
Let d be (-166)/(-3) - (-4)/6. What is the tens digit of -2 + d/2 - 0?
2
Suppose 3*d + 2*d - 1115 = 0. Suppose 4*q - 3*r - d = 0, q - 4*r + 244 = 5*q. What is the units digit of q?
8
Suppose -3*m = -2*m - u + 1, 16 = 4*u. Suppose 0 = -4*q - w + 3*w + 36, -4*q - 4*w = -48. Suppose -m*v + q = 4. What is the units digit of v?
2
What is the tens digit of 976 + (-2 - 2) + 2?
7
Let k(b) = 34*b**2 - 2*b - 24. What is the hundreds digit of k(4)?
5
Let p = 508 + 572. What is the tens digit of p?
8
Let y(x) = 290*x**3 - x**2 - x + 2. Let s be y(1). What is the units digit of s + (0 + 0 - 0) - -3?
3
Let h(f) = f - 10. Let b be h(10). Let r be 148/2 + b/(-3). Suppose 4*w + 5*c = -0*w + r, -c - 78 = -5*w. What is the tens digit of w?
1
Let n(r) = -10*r - 14. Suppose -6*x = 42 + 36. What is the hundreds digit of n(x)?
1
What is the tens digit of -3*(3/(-9) + 316/(-6))?
5
Suppose -4*n + 4700 = 2*w + 6*w, -5*n + 5848 = w. What is the hundreds digit of n?
1
Let k be 198/(-12)*4/(-3). Suppose -2*c = -2*g - 10, 4*c - 7*g = -2*g + k. Suppose -c*v + 3*i + 72 = 0, -i - 15 = 2*i. What is the tens digit of v?
1
Suppose 0 = 15*h - 23*h - 4576. Let d = h + 919. What is the tens digit of d?
4
Let p = -428 + 1676. What is the thousands digit of p?
1
Suppose -2*d + 3*d = 175. Suppose j - 70 = -a, 0 = -a - 2*a + 4*j + d. What is the units digit of a?
5
Suppose 2*t - 3*i + 97 = -2*t, 4*i + 79 = -3*t. Let b = t + 36. What is the units digit of b?
1
Suppose 0 = 5*j + 48 - 343. Suppose -2*u - 2*p + 17 = 3*p, -5*u + j = -4*p. Suppose -4*m - u = 2*r - 37, -r = 3*m - 22. What is the units digit of m?
9
Let m = -1257 + 1816. What is the units digit of m?
9
Let b = -44 + 62. Let q be 24/10 - (-2)/(-5). Suppose k - 12 - q = -z, -2*z - 4*k + b = 0. What is the units digit of z?
9
Let o(y) = y**3 + 13*y**2 + 14*y + 8. Let d(m) = m - 15. Let i be d(10). What is the tens digit of o(i)?
3
Let z(q) = -161*q - 150. What is the thousands digit of z(-13)?
1
Let h(p) = -11*p - 1. Let r be h(-3). Let j = 81 - r. What is the units digit of j?
9
Let j = 19 - 16. Let l(u) = 3*u**j + 2*u + 1 - u**3 + u**2 - 3*u + 1. What is the tens digit of l(2)?
2
Let u = -115 - -61. Let i = 9 - u. What is the tens digit of i?
6
Suppose -3*b = s + 3 + 3, 3*b + 24 = 2*s. Let x be ((-8)/s)/(-1)*3. Suppose x*j = -j + 145. What is the units digit of j?
9
Let o = 309 - 155. What is the tens digit of o?
5
Let o(n) = 14*n**2 + 9*n + 52. What is the hundreds digit of o(-9)?
1
What is the hundreds digit of (-7 + 1459)/(-4)*(-4)/6?
2
Let q(l) = -l**2 + 35*l - 26. What is the units digit of q(18)?
0
Suppose -267*g + 271*g = 7964. What is the hundreds digit of g?
9
Let b(s) be the second derivative of 11/6*s**3 + 0*s**2 - 3*s + 0. What is the tens digit of b(2)?
2
Suppose 7*n - 5*c - 7675 = 0, 8*c = n + 6*c - 1090. What is the units digit of n?
0
Let g(d) = -3*d**3 + 29*d**2 - 14*d - 12. Let y(x) = x**3 - 10*x**2 + 5*x + 4. Let f(k) = 6*g(k) + 17*y(k). What is the tens digit of f(-2)?
1
Let g(j) = -1 + 30*j + 3 - 4. What is the units digit of g(4)?
8
Let k = 2594 - 948. What is the thousands digit of k?
1
Let m = 6 + -2. What is the units digit of 1/m - (-1560)/32?
9
Let s be 1*(-7 - -3)*17. Let d be s*(-2 - 2)/(-4). Let w = d + 96. What is the units digit of w?
8
Suppose 4*f - 2*u - 112 = 0, 3*u = -8*f + 3*f + 151. Suppose 0 = 2*d - 279 - f. What is the tens digit of d?
5
Let k = 516 + 2639. What is the units digit of k?
5
What is the tens digit of (-1 - -1 - 15)*(-6)/5?
1
What is the tens digit of 564 + (4 - (1 + -1 + 2))?
6
Let j(c) = -103*c - 13. Let f(v) = 3*v + 6. Let y be f(-3). What is the tens digit of j(y)?
9
What is the tens digit of (-18 + (-5 - -7))*-29?
6
Let g(n) be the first derivative of -n**3/3 + 21*n**2/2 - 16*n + 36. What is the units digit of g(9)?
2
Suppose 9*o = -8*o + 2720. What is the units digit of o?
0
What is the tens digit of ((-57)/(-15) + -3)/((-2)/(-3010))?
0
Let h = -14 + 21. Suppose h*m - 4 = 6*m. Suppose 3*k - 5*a - 53 = 0, 0*a = m*k - a - 48. What is the units digit of k?
1
Suppose -3 = j + 2*j, 3*j + 417 = -3*n. Let d = 253 + n. What is the hundreds digit of d?
1
Let m(o) = -20*o + 88. What is the tens digit of m(-38)?
4
Let h(w) = 3*w**2 - 5*w - 7. Let m be h(-2). What is the hundreds digit of (134/6 + -4)*m?
2
Let z(a) = 12 + 187*a - 173*a + 25. What is the units digit of z(4)?
3
Let p be (-4 - (-26)/6)*0. Suppose g + 6 = -p. What is the units digit of (-6 + -11)/(2/g)?
1
Let j = -33 - -45. Suppose -2*a - 13 = -5*v + 5, 4*a = 4*v - j. What is the units digit of (-1 - v/4) + 27?
5
Suppose -11*i = -a - 16*i + 602, a - 601 = -4*i. What is the hundreds digit of a?
5
Suppose 4*s - l - 56 = 0, s + l - 23 = -l. Suppose -s*g + 14*g = -72. What is the tens digit of ((-3)/(-2))/(4/g)?
2
Suppose 2*b + 12774 = 5*t + 3*b, 4*b = 16. What is the units digit of t?
4
Suppose 0*r - 3*r = 9. Let t be 13/2 - 4/8. Let i = t - r. What is the units digit of i?
9
Let m(s) = -16*s**2 - 8*s + 17*s**3 - 22 - 18*s**3 + 6*s**2. What is the tens digit of m(-11)?
8
Suppose -4*g = -2*s + s - 39, 3*g = -s - 53. Let n = s - -91. What is the tens digit of n?
4
Let j = 121 + -146. What is the tens digit of 712/10 + (5/j)/1?
7
Suppose 8*w - 4158 = -6*w. What is the tens digit of w?
9
Suppose -924 = -3*j + 177. What is the units digit of j?
7
Suppose -2*g - 5*d - 146 = 0, 4*d - 91 = g + 2*d. Let x = 100 - g. What is the tens digit of x?
8
Let r(f) = f - 7. Let a be r(10). Let s(h) = 6*h**3 + 2*h**2 - 3*h + 2. What is the units digit of s(a)?
3
What is the tens digit of 5450/12 + (-7)/42?
5
Let w be ((-2)/4)/((-1)/(-12)). Let g(y) = -y + 1. Let r(p) = 3*p + 8. Let s(z) = g(z) - r(z). What is the units digit of s(w)?
7
Let l = -15 - -19. Suppose -3*t + 9 = 0, 4*t - l + 2 = m. Let p(g) = -g**3 + 10*g**2 + 4. What is the units digit of p(m)?
4
Suppose 0 = 7*a - 3*a. Suppose a = 5*b + 3 - 93. What is the units digit of -1*(-5 + 3 - b)?
0
Let t(c) = 27*c**2 + 3*c + 10. Let m be t(-4). What is the hundreds digit of (m/30)/((-2)/(-18)) + -2?
1
Let v(s) = -25*s**3 + 9*s**2 + 3*s + 8. What is the units digit of v(-4)?
0
Let a(n) = 2*n**3 + 42*n**2 - n + 21. What is the tens digit of a(-19)?
8
Suppose -2*h + u = 3, -5*h + 3*u - 15 = 8*u. What is the units digit of h/5 + (5 - 314/(-10))?
6
Let l(g) = 2*g + 1. Suppose 2*u = -8, -3*u - 21 = -3*v + 3. Suppose 20 = v*r + r. What is the units digit of l(r)?
9
Suppose 39*x - 539 - 13150 = 0. What is the units digit of x?
1
Let d = -119 + 486. What is the tens digit of d?
6
Let y(d) = 115*d - 2. Let n be y(-1). What is the tens digit of (-4)/(-26) + (-2790)/n?
2
Suppose -h = 3*h - 60. Suppose 18*w = h*w. Suppose 3*m + 4*l - 8 = 0, -m + w*m = 2*l. What is the units digit of m?
8
Suppose -q + 4*i = -138, -3*i = 2*q - 0*i - 254. Let n = q + -71. What is the tens digit of n?
5
Suppose 5*j = o - 4*o - 4, -5*j - 5*o = 10. What is the units digit of 11/(88/(-16)) - (j - 81)?
8
Let z be 1771/69 + 2/6. Let b = 43 + z. What is the units digit of b?
9
Suppose 155 = t - 4*t - 5*n, 196 = -4*t + 4*n. Suppose 4*g - 97 - 199 = 0. Let q = t + g. What is the units digit of q?
4
Let r be (0 - -4)/(-2) + 6. Suppose -11*k - 6 = -12*k. Suppose k*s - r*s - 28 = 0. What is the tens digit of s?
1
Suppose 0 = -6*v + 10*v + 172. Let u = v + 79. Suppose -3*d + 0*d = -u. What is the units digit of d?
2
Let o(q) = -q**2 + 15*q + 12. Let y = -28 - -36. What is the units digit of o(y)?
8
Suppose -3*t = -8*t - 4*m + 110, -62 = -2*t + 2*m. Suppose -d + t = -45. What is the tens digit of d?
7
What is the tens digit of (-10)/(320/(-24)) - 2589/(-4)?
4
Let u(l) = -l**2 + 8*l + 45. What is the units digit of u(9)?
6
Let j(p) = -418*p. Let v be j(-2). Suppose 13*f = 17*f - v. What is the hundreds digit of f?
2
What is the thousands digit of 9/54*9*(-5884)/(-6)?
1
Let o(h) = -7*h**3 + 5*h**2 - 15*h - 50. What is the thousands digit 